


{"id":14429,"date":"2023-12-04T10:05:34","date_gmt":"2023-12-04T15:05:34","guid":{"rendered":"https:\/\/expoaluminiosas.com\/expoa\/producto\/rodamiento-744-abb-ref-00294\/"},"modified":"2023-12-04T10:05:34","modified_gmt":"2023-12-04T15:05:34","slug":"rodamiento-744-abb-ref-00294","status":"publish","type":"product","link":"https:\/\/expoaluminiosas.com\/expoa\/producto\/rodamiento-744-abb-ref-00294\/","title":{"rendered":"RODAMIENTO 744 ABB (REF 00294)"},"content":{"rendered":"<p>Rodamiento para puertas y ventanas corredizas, Sistema 744.<\/p>\n","protected":false},"excerpt":{"rendered":"<p>Fabricado en acero laminado en frio calibre 20 y con proceso de zincado en caliente para producci\u00f3n a la corrosi\u00f3n. Capacidad de carga 35 kg el peso m\u00e1ximo recomendado de una nave con dos de los rodamientos es de 70 Kgs<\/p>\n","protected":false},"featured_media":6203,"comment_status":"closed","ping_status":"open","template":"","meta":[],"product_cat":[225,1061,1047],"product_tag":[],"class_list":["post-14429","product","type-product","status-publish","has-post-thumbnail","hentry","product_cat-puertas-corredizas","product_cat-rodamientos","product_cat-sistema-744","pa_referencia-321"],"_links":{"self":[{"href":"https:\/\/expoaluminiosas.com\/expoa\/wp-json\/wp\/v2\/product\/14429","targetHints":{"allow":["GET"]}}],"collection":[{"href":"https:\/\/expoaluminiosas.com\/expoa\/wp-json\/wp\/v2\/product"}],"about":[{"href":"https:\/\/expoaluminiosas.com\/expoa\/wp-json\/wp\/v2\/types\/product"}],"replies":[{"embeddable":true,"href":"https:\/\/expoaluminiosas.com\/expoa\/wp-json\/wp\/v2\/comments?post=14429"}],"version-history":[{"count":1,"href":"https:\/\/expoaluminiosas.com\/expoa\/wp-json\/wp\/v2\/product\/14429\/revisions"}],"predecessor-version":[{"id":14430,"href":"https:\/\/expoaluminiosas.com\/expoa\/wp-json\/wp\/v2\/product\/14429\/revisions\/14430"}],"wp:featuredmedia":[{"embeddable":true,"href":"https:\/\/expoaluminiosas.com\/expoa\/wp-json\/wp\/v2\/media\/6203"}],"wp:attachment":[{"href":"https:\/\/expoaluminiosas.com\/expoa\/wp-json\/wp\/v2\/media?parent=14429"}],"wp:term":[{"taxonomy":"product_cat","embeddable":true,"href":"https:\/\/expoaluminiosas.com\/expoa\/wp-json\/wp\/v2\/product_cat?post=14429"},{"taxonomy":"product_tag","embeddable":true,"href":"https:\/\/expoaluminiosas.com\/expoa\/wp-json\/wp\/v2\/product_tag?post=14429"}],"curies":[{"name":"wp","href":"https:\/\/api.w.org\/{rel}","templated":true}]}}