


{"id":14667,"date":"2023-12-04T10:08:52","date_gmt":"2023-12-04T15:08:52","guid":{"rendered":"https:\/\/expoaluminiosas.com\/expoa\/producto\/cerradura-sobreponer-y-6792\/"},"modified":"2023-12-04T10:08:58","modified_gmt":"2023-12-04T15:08:58","slug":"cerradura-sobreponer-y-6792","status":"publish","type":"product","link":"https:\/\/expoaluminiosas.com\/expoa\/producto\/cerradura-sobreponer-y-6792\/","title":{"rendered":"CERRADURA SOBREPONER Y-6792"},"content":{"rendered":"<p>Cerrojo sobreponer 1030 68 CDIP<\/p>\n","protected":false},"excerpt":{"rendered":"<p>Backset de 68mm, Para puertas de metal y madera de 35 a 50 mm de espesor, con apertura de lado derecho o izquierdo. Cilindro en lat\u00f3n. Caja y cantonera en acero para soldar de f\u00e1cil instalaci\u00f3n<\/p>\n","protected":false},"featured_media":7899,"comment_status":"closed","ping_status":"open","template":"","meta":[],"product_cat":[1076,1067],"product_tag":[],"class_list":["post-14667","product","type-product","status-publish","has-post-thumbnail","hentry","product_cat-cerraduras-de-sobreponer","product_cat-puertas-batientes","pa_referencia-y-6792"],"_links":{"self":[{"href":"https:\/\/expoaluminiosas.com\/expoa\/wp-json\/wp\/v2\/product\/14667","targetHints":{"allow":["GET"]}}],"collection":[{"href":"https:\/\/expoaluminiosas.com\/expoa\/wp-json\/wp\/v2\/product"}],"about":[{"href":"https:\/\/expoaluminiosas.com\/expoa\/wp-json\/wp\/v2\/types\/product"}],"replies":[{"embeddable":true,"href":"https:\/\/expoaluminiosas.com\/expoa\/wp-json\/wp\/v2\/comments?post=14667"}],"version-history":[{"count":1,"href":"https:\/\/expoaluminiosas.com\/expoa\/wp-json\/wp\/v2\/product\/14667\/revisions"}],"predecessor-version":[{"id":14668,"href":"https:\/\/expoaluminiosas.com\/expoa\/wp-json\/wp\/v2\/product\/14667\/revisions\/14668"}],"wp:featuredmedia":[{"embeddable":true,"href":"https:\/\/expoaluminiosas.com\/expoa\/wp-json\/wp\/v2\/media\/7899"}],"wp:attachment":[{"href":"https:\/\/expoaluminiosas.com\/expoa\/wp-json\/wp\/v2\/media?parent=14667"}],"wp:term":[{"taxonomy":"product_cat","embeddable":true,"href":"https:\/\/expoaluminiosas.com\/expoa\/wp-json\/wp\/v2\/product_cat?post=14667"},{"taxonomy":"product_tag","embeddable":true,"href":"https:\/\/expoaluminiosas.com\/expoa\/wp-json\/wp\/v2\/product_tag?post=14667"}],"curies":[{"name":"wp","href":"https:\/\/api.w.org\/{rel}","templated":true}]}}