


{"id":14677,"date":"2023-12-04T10:08:52","date_gmt":"2023-12-04T15:08:52","guid":{"rendered":"https:\/\/expoaluminiosas.com\/expoa\/producto\/cerradura-sobreponer-kl-1050\/"},"modified":"2024-01-19T08:35:58","modified_gmt":"2024-01-19T13:35:58","slug":"cerradura-sobreponer-kl-1050","status":"publish","type":"product","link":"https:\/\/expoaluminiosas.com\/expoa\/producto\/cerradura-sobreponer-kl-1050\/","title":{"rendered":"CERRADURA SOBREPONER KL 1050"},"content":{"rendered":"<p>Cerradura de sobreponer, KL 1050 derecha e izquierda<\/p>\n","protected":false},"excerpt":{"rendered":"<p>Cerradura KL 1050 plus es una cerradura de seguridad de alta calidad para puertas principales, cuenta con cinco llaves y cinco guardas que contribuye a que sea una cerradura mucho mas segura. Pestillo reversible y caja embutida en una sola pieza. Doble bul\u00f3n de tres golpes accionado con llave por ambos lados. Contraguardas en forma de hongo. Para puertas met\u00e1licas y de madera, Cerradura soldar, para puertas met\u00e1licas de 30 a 60 mm espesor. Cerradura com\u00fan, para puertas de madera de 30 a 60mm de espesor. Torniller\u00eda para puerta met\u00e1lica \u00f3 de madera.<\/p>\n","protected":false},"featured_media":8020,"comment_status":"closed","ping_status":"closed","template":"","meta":[],"product_cat":[1076,1067],"product_tag":[],"class_list":["post-14677","product","type-product","status-publish","has-post-thumbnail","hentry","product_cat-cerraduras-de-sobreponer","product_cat-puertas-batientes","pa_referencia-kl-1050i","pa_referencia-kl-1050d"],"_links":{"self":[{"href":"https:\/\/expoaluminiosas.com\/expoa\/wp-json\/wp\/v2\/product\/14677","targetHints":{"allow":["GET"]}}],"collection":[{"href":"https:\/\/expoaluminiosas.com\/expoa\/wp-json\/wp\/v2\/product"}],"about":[{"href":"https:\/\/expoaluminiosas.com\/expoa\/wp-json\/wp\/v2\/types\/product"}],"replies":[{"embeddable":true,"href":"https:\/\/expoaluminiosas.com\/expoa\/wp-json\/wp\/v2\/comments?post=14677"}],"version-history":[{"count":3,"href":"https:\/\/expoaluminiosas.com\/expoa\/wp-json\/wp\/v2\/product\/14677\/revisions"}],"predecessor-version":[{"id":16167,"href":"https:\/\/expoaluminiosas.com\/expoa\/wp-json\/wp\/v2\/product\/14677\/revisions\/16167"}],"wp:featuredmedia":[{"embeddable":true,"href":"https:\/\/expoaluminiosas.com\/expoa\/wp-json\/wp\/v2\/media\/8020"}],"wp:attachment":[{"href":"https:\/\/expoaluminiosas.com\/expoa\/wp-json\/wp\/v2\/media?parent=14677"}],"wp:term":[{"taxonomy":"product_cat","embeddable":true,"href":"https:\/\/expoaluminiosas.com\/expoa\/wp-json\/wp\/v2\/product_cat?post=14677"},{"taxonomy":"product_tag","embeddable":true,"href":"https:\/\/expoaluminiosas.com\/expoa\/wp-json\/wp\/v2\/product_tag?post=14677"}],"curies":[{"name":"wp","href":"https:\/\/api.w.org\/{rel}","templated":true}]}}