


{"id":14786,"date":"2023-12-04T10:10:51","date_gmt":"2023-12-04T15:10:51","guid":{"rendered":"https:\/\/expoaluminiosas.com\/expoa\/producto\/tope-iman-yale\/"},"modified":"2024-01-10T17:18:22","modified_gmt":"2024-01-10T22:18:22","slug":"tope-iman-yale","status":"publish","type":"product","link":"https:\/\/expoaluminiosas.com\/expoa\/producto\/tope-iman-yale\/","title":{"rendered":"TOPE IMAN YALE"},"content":{"rendered":"<p>Tope con iman para instalaci\u00f3n en piso. Doble funci\u00f3n: evitar golpes contra pared y mantener la puerta abierta a\u00fan con corrientes de aire<\/p>\n","protected":false},"excerpt":{"rendered":"<p>Tope para puertas batientes<\/p>\n","protected":false},"featured_media":7863,"comment_status":"closed","ping_status":"closed","template":"","meta":[],"product_cat":[1084],"product_tag":[],"class_list":["post-14786","product","type-product","status-publish","has-post-thumbnail","hentry","product_cat-topes","pa_referencia-y-4191"],"_links":{"self":[{"href":"https:\/\/expoaluminiosas.com\/expoa\/wp-json\/wp\/v2\/product\/14786","targetHints":{"allow":["GET"]}}],"collection":[{"href":"https:\/\/expoaluminiosas.com\/expoa\/wp-json\/wp\/v2\/product"}],"about":[{"href":"https:\/\/expoaluminiosas.com\/expoa\/wp-json\/wp\/v2\/types\/product"}],"replies":[{"embeddable":true,"href":"https:\/\/expoaluminiosas.com\/expoa\/wp-json\/wp\/v2\/comments?post=14786"}],"version-history":[{"count":1,"href":"https:\/\/expoaluminiosas.com\/expoa\/wp-json\/wp\/v2\/product\/14786\/revisions"}],"predecessor-version":[{"id":14787,"href":"https:\/\/expoaluminiosas.com\/expoa\/wp-json\/wp\/v2\/product\/14786\/revisions\/14787"}],"wp:featuredmedia":[{"embeddable":true,"href":"https:\/\/expoaluminiosas.com\/expoa\/wp-json\/wp\/v2\/media\/7863"}],"wp:attachment":[{"href":"https:\/\/expoaluminiosas.com\/expoa\/wp-json\/wp\/v2\/media?parent=14786"}],"wp:term":[{"taxonomy":"product_cat","embeddable":true,"href":"https:\/\/expoaluminiosas.com\/expoa\/wp-json\/wp\/v2\/product_cat?post=14786"},{"taxonomy":"product_tag","embeddable":true,"href":"https:\/\/expoaluminiosas.com\/expoa\/wp-json\/wp\/v2\/product_tag?post=14786"}],"curies":[{"name":"wp","href":"https:\/\/api.w.org\/{rel}","templated":true}]}}