


{"id":14788,"date":"2023-12-04T10:10:51","date_gmt":"2023-12-04T15:10:51","guid":{"rendered":"https:\/\/expoaluminiosas.com\/expoa\/producto\/tope-iman\/"},"modified":"2023-12-04T10:10:52","modified_gmt":"2023-12-04T15:10:52","slug":"tope-iman","status":"publish","type":"product","link":"https:\/\/expoaluminiosas.com\/expoa\/producto\/tope-iman\/","title":{"rendered":"TOPE IMAN"},"content":{"rendered":"<p>Tope con iman para instalaci\u00f3n en piso y pared. Doble funci\u00f3n: evitar golpes contra pared y mantener la puerta abierta a\u00fan con corrientes de aire<\/p>\n","protected":false},"excerpt":{"rendered":"<p>Tope para puertas batientes<\/p>\n","protected":false},"featured_media":7895,"comment_status":"closed","ping_status":"open","template":"","meta":[],"product_cat":[1084],"product_tag":[],"class_list":["post-14788","product","type-product","status-publish","has-post-thumbnail","hentry","product_cat-topes","pa_referencia-tp-3"],"_links":{"self":[{"href":"https:\/\/expoaluminiosas.com\/expoa\/wp-json\/wp\/v2\/product\/14788","targetHints":{"allow":["GET"]}}],"collection":[{"href":"https:\/\/expoaluminiosas.com\/expoa\/wp-json\/wp\/v2\/product"}],"about":[{"href":"https:\/\/expoaluminiosas.com\/expoa\/wp-json\/wp\/v2\/types\/product"}],"replies":[{"embeddable":true,"href":"https:\/\/expoaluminiosas.com\/expoa\/wp-json\/wp\/v2\/comments?post=14788"}],"version-history":[{"count":1,"href":"https:\/\/expoaluminiosas.com\/expoa\/wp-json\/wp\/v2\/product\/14788\/revisions"}],"predecessor-version":[{"id":14789,"href":"https:\/\/expoaluminiosas.com\/expoa\/wp-json\/wp\/v2\/product\/14788\/revisions\/14789"}],"wp:featuredmedia":[{"embeddable":true,"href":"https:\/\/expoaluminiosas.com\/expoa\/wp-json\/wp\/v2\/media\/7895"}],"wp:attachment":[{"href":"https:\/\/expoaluminiosas.com\/expoa\/wp-json\/wp\/v2\/media?parent=14788"}],"wp:term":[{"taxonomy":"product_cat","embeddable":true,"href":"https:\/\/expoaluminiosas.com\/expoa\/wp-json\/wp\/v2\/product_cat?post=14788"},{"taxonomy":"product_tag","embeddable":true,"href":"https:\/\/expoaluminiosas.com\/expoa\/wp-json\/wp\/v2\/product_tag?post=14788"}],"curies":[{"name":"wp","href":"https:\/\/api.w.org\/{rel}","templated":true}]}}