


{"id":14842,"date":"2023-12-04T10:11:29","date_gmt":"2023-12-04T15:11:29","guid":{"rendered":"https:\/\/expoaluminiosas.com\/expoa\/producto\/bisagra-hidraulica-speedy-m68\/"},"modified":"2023-12-04T10:11:30","modified_gmt":"2023-12-04T15:11:30","slug":"bisagra-hidraulica-speedy-m68","status":"publish","type":"product","link":"https:\/\/expoaluminiosas.com\/expoa\/producto\/bisagra-hidraulica-speedy-m68\/","title":{"rendered":"BISAGRA HIDRAULICA SPEEDY M68"},"content":{"rendered":"<p>Bisagra hidr\u00e1ulica M68 (100Kg) Speedy<\/p>\n","protected":false},"excerpt":{"rendered":"<p>Para puertas batientes con peso hasta 100 kg. m\u00e1ximo, Dos v\u00e1lvulas que regulan la velocidad de cierre y velocidad de ajuste, trafico liviano, recomendado para \u00e1reas interiores<\/p>\n","protected":false},"featured_media":4815,"comment_status":"closed","ping_status":"open","template":"","meta":[],"product_cat":[1086,1087],"product_tag":[],"class_list":["post-14842","product","type-product","status-publish","has-post-thumbnail","hentry","product_cat-bisagras-hidraulicas","product_cat-speddy","pa_referencia-m-68"],"_links":{"self":[{"href":"https:\/\/expoaluminiosas.com\/expoa\/wp-json\/wp\/v2\/product\/14842","targetHints":{"allow":["GET"]}}],"collection":[{"href":"https:\/\/expoaluminiosas.com\/expoa\/wp-json\/wp\/v2\/product"}],"about":[{"href":"https:\/\/expoaluminiosas.com\/expoa\/wp-json\/wp\/v2\/types\/product"}],"replies":[{"embeddable":true,"href":"https:\/\/expoaluminiosas.com\/expoa\/wp-json\/wp\/v2\/comments?post=14842"}],"version-history":[{"count":1,"href":"https:\/\/expoaluminiosas.com\/expoa\/wp-json\/wp\/v2\/product\/14842\/revisions"}],"predecessor-version":[{"id":14843,"href":"https:\/\/expoaluminiosas.com\/expoa\/wp-json\/wp\/v2\/product\/14842\/revisions\/14843"}],"wp:featuredmedia":[{"embeddable":true,"href":"https:\/\/expoaluminiosas.com\/expoa\/wp-json\/wp\/v2\/media\/4815"}],"wp:attachment":[{"href":"https:\/\/expoaluminiosas.com\/expoa\/wp-json\/wp\/v2\/media?parent=14842"}],"wp:term":[{"taxonomy":"product_cat","embeddable":true,"href":"https:\/\/expoaluminiosas.com\/expoa\/wp-json\/wp\/v2\/product_cat?post=14842"},{"taxonomy":"product_tag","embeddable":true,"href":"https:\/\/expoaluminiosas.com\/expoa\/wp-json\/wp\/v2\/product_tag?post=14842"}],"curies":[{"name":"wp","href":"https:\/\/api.w.org\/{rel}","templated":true}]}}