


{"id":14846,"date":"2023-12-04T10:11:29","date_gmt":"2023-12-04T15:11:29","guid":{"rendered":"https:\/\/expoaluminiosas.com\/expoa\/producto\/bisagra-hidraulica-yale-y-9431\/"},"modified":"2023-12-04T10:11:30","modified_gmt":"2023-12-04T15:11:30","slug":"bisagra-hidraulica-yale-y-9431","status":"publish","type":"product","link":"https:\/\/expoaluminiosas.com\/expoa\/producto\/bisagra-hidraulica-yale-y-9431\/","title":{"rendered":"BISAGRA HIDRAULICA YALE Y-9431"},"content":{"rendered":"<p>Bisagra hidr\u00e1ulica YALE (80Kg)<\/p>\n","protected":false},"excerpt":{"rendered":"<p>Para puertas batientes con peso hasta 80 kg. m\u00e1ximo, Dos v\u00e1lvulas que regulan la velocidad de cierre y velocidad de ajuste, tr\u00e1fico liviano, recomendado para \u00e1reas interiores<\/p>\n","protected":false},"featured_media":4818,"comment_status":"closed","ping_status":"open","template":"","meta":[],"product_cat":[1086,1088],"product_tag":[],"class_list":["post-14846","product","type-product","status-publish","has-post-thumbnail","hentry","product_cat-bisagras-hidraulicas","product_cat-yale","pa_referencia-y-9431"],"_links":{"self":[{"href":"https:\/\/expoaluminiosas.com\/expoa\/wp-json\/wp\/v2\/product\/14846","targetHints":{"allow":["GET"]}}],"collection":[{"href":"https:\/\/expoaluminiosas.com\/expoa\/wp-json\/wp\/v2\/product"}],"about":[{"href":"https:\/\/expoaluminiosas.com\/expoa\/wp-json\/wp\/v2\/types\/product"}],"replies":[{"embeddable":true,"href":"https:\/\/expoaluminiosas.com\/expoa\/wp-json\/wp\/v2\/comments?post=14846"}],"version-history":[{"count":1,"href":"https:\/\/expoaluminiosas.com\/expoa\/wp-json\/wp\/v2\/product\/14846\/revisions"}],"predecessor-version":[{"id":14847,"href":"https:\/\/expoaluminiosas.com\/expoa\/wp-json\/wp\/v2\/product\/14846\/revisions\/14847"}],"wp:featuredmedia":[{"embeddable":true,"href":"https:\/\/expoaluminiosas.com\/expoa\/wp-json\/wp\/v2\/media\/4818"}],"wp:attachment":[{"href":"https:\/\/expoaluminiosas.com\/expoa\/wp-json\/wp\/v2\/media?parent=14846"}],"wp:term":[{"taxonomy":"product_cat","embeddable":true,"href":"https:\/\/expoaluminiosas.com\/expoa\/wp-json\/wp\/v2\/product_cat?post=14846"},{"taxonomy":"product_tag","embeddable":true,"href":"https:\/\/expoaluminiosas.com\/expoa\/wp-json\/wp\/v2\/product_tag?post=14846"}],"curies":[{"name":"wp","href":"https:\/\/api.w.org\/{rel}","templated":true}]}}