


{"id":14878,"date":"2023-12-04T10:11:53","date_gmt":"2023-12-04T15:11:53","guid":{"rendered":"https:\/\/expoaluminiosas.com\/expoa\/producto\/brazo-hidraulico-geze-ts3000ur\/"},"modified":"2023-12-04T10:11:54","modified_gmt":"2023-12-04T15:11:54","slug":"brazo-hidraulico-geze-ts3000ur","status":"publish","type":"product","link":"https:\/\/expoaluminiosas.com\/expoa\/producto\/brazo-hidraulico-geze-ts3000ur\/","title":{"rendered":"BRAZO HIDRAULICO GEZE TS3000UR"},"content":{"rendered":"<p>Brazo hidr\u00e1ulico GEZE CON RETENCION (80Kg)<\/p>\n","protected":false},"excerpt":{"rendered":"<p>Para puertas batientes de 80Kg m\u00e1ximo, con fuerza de 1-4 Regulacion frontal hidr\u00e1ulica de golpe final, Velocidad de cierre termo-estabilizada frontal. Retenci\u00f3n opcional entre 80\u00ba-120\u00ba. Recomendado para uso frecuente.<\/p>\n","protected":false},"featured_media":4938,"comment_status":"closed","ping_status":"open","template":"","meta":[],"product_cat":[1091,1092],"product_tag":[],"class_list":["post-14878","product","type-product","status-publish","has-post-thumbnail","hentry","product_cat-brazos-hidraulicos","product_cat-geze-brazos-hidraulicos"],"_links":{"self":[{"href":"https:\/\/expoaluminiosas.com\/expoa\/wp-json\/wp\/v2\/product\/14878","targetHints":{"allow":["GET"]}}],"collection":[{"href":"https:\/\/expoaluminiosas.com\/expoa\/wp-json\/wp\/v2\/product"}],"about":[{"href":"https:\/\/expoaluminiosas.com\/expoa\/wp-json\/wp\/v2\/types\/product"}],"replies":[{"embeddable":true,"href":"https:\/\/expoaluminiosas.com\/expoa\/wp-json\/wp\/v2\/comments?post=14878"}],"version-history":[{"count":1,"href":"https:\/\/expoaluminiosas.com\/expoa\/wp-json\/wp\/v2\/product\/14878\/revisions"}],"predecessor-version":[{"id":14879,"href":"https:\/\/expoaluminiosas.com\/expoa\/wp-json\/wp\/v2\/product\/14878\/revisions\/14879"}],"wp:featuredmedia":[{"embeddable":true,"href":"https:\/\/expoaluminiosas.com\/expoa\/wp-json\/wp\/v2\/media\/4938"}],"wp:attachment":[{"href":"https:\/\/expoaluminiosas.com\/expoa\/wp-json\/wp\/v2\/media?parent=14878"}],"wp:term":[{"taxonomy":"product_cat","embeddable":true,"href":"https:\/\/expoaluminiosas.com\/expoa\/wp-json\/wp\/v2\/product_cat?post=14878"},{"taxonomy":"product_tag","embeddable":true,"href":"https:\/\/expoaluminiosas.com\/expoa\/wp-json\/wp\/v2\/product_tag?post=14878"}],"curies":[{"name":"wp","href":"https:\/\/api.w.org\/{rel}","templated":true}]}}