


{"id":14897,"date":"2023-12-04T10:11:53","date_gmt":"2023-12-04T15:11:53","guid":{"rendered":"https:\/\/expoaluminiosas.com\/expoa\/producto\/barra-orlando-2-puntos\/"},"modified":"2023-12-27T11:32:39","modified_gmt":"2023-12-27T16:32:39","slug":"barra-orlando-2-puntos","status":"publish","type":"product","link":"https:\/\/expoaluminiosas.com\/expoa\/producto\/barra-orlando-2-puntos\/","title":{"rendered":"BARRA ORLANDO 2 PUNTOS"},"content":{"rendered":"<p>Se puede instalar en puerta sencilla, puerta doble con marco, puerta doble sin marco de metal o madera. Para puertas de hasta 340cm de altura<\/p>\n","protected":false},"excerpt":{"rendered":"<p>Resistente al fuego durante 3 horas con certificaci\u00f3n CE (Conformidad Europea). Utilice la manija ori\u00f3n espec\u00edficamente para Barra Orlando<\/p>\n","protected":false},"featured_media":5344,"comment_status":"closed","ping_status":"closed","template":"","meta":[],"product_cat":[1098,1099],"product_tag":[],"class_list":["post-14897","product","type-product","status-publish","has-post-thumbnail","hentry","product_cat-barras-antipanico","product_cat-yale-barras-antipanico"],"_links":{"self":[{"href":"https:\/\/expoaluminiosas.com\/expoa\/wp-json\/wp\/v2\/product\/14897","targetHints":{"allow":["GET"]}}],"collection":[{"href":"https:\/\/expoaluminiosas.com\/expoa\/wp-json\/wp\/v2\/product"}],"about":[{"href":"https:\/\/expoaluminiosas.com\/expoa\/wp-json\/wp\/v2\/types\/product"}],"replies":[{"embeddable":true,"href":"https:\/\/expoaluminiosas.com\/expoa\/wp-json\/wp\/v2\/comments?post=14897"}],"version-history":[{"count":1,"href":"https:\/\/expoaluminiosas.com\/expoa\/wp-json\/wp\/v2\/product\/14897\/revisions"}],"predecessor-version":[{"id":14898,"href":"https:\/\/expoaluminiosas.com\/expoa\/wp-json\/wp\/v2\/product\/14897\/revisions\/14898"}],"wp:featuredmedia":[{"embeddable":true,"href":"https:\/\/expoaluminiosas.com\/expoa\/wp-json\/wp\/v2\/media\/5344"}],"wp:attachment":[{"href":"https:\/\/expoaluminiosas.com\/expoa\/wp-json\/wp\/v2\/media?parent=14897"}],"wp:term":[{"taxonomy":"product_cat","embeddable":true,"href":"https:\/\/expoaluminiosas.com\/expoa\/wp-json\/wp\/v2\/product_cat?post=14897"},{"taxonomy":"product_tag","embeddable":true,"href":"https:\/\/expoaluminiosas.com\/expoa\/wp-json\/wp\/v2\/product_tag?post=14897"}],"curies":[{"name":"wp","href":"https:\/\/api.w.org\/{rel}","templated":true}]}}