


{"id":15166,"date":"2023-12-04T10:15:13","date_gmt":"2023-12-04T15:15:13","guid":{"rendered":"https:\/\/expoaluminiosas.com\/expoa\/producto\/candado-intemperiealeman-800\/"},"modified":"2023-12-04T10:15:16","modified_gmt":"2023-12-04T15:15:16","slug":"candado-intemperiealeman-800","status":"publish","type":"product","link":"https:\/\/expoaluminiosas.com\/expoa\/producto\/candado-intemperiealeman-800\/","title":{"rendered":"CANDADO INTEMPERIEALEMAN 800"},"content":{"rendered":"<p>Cierre autom\u00e1tico bloqueando el gancho en ambos lados, resistente a la intemperie para usos en exteriores. Gancho en acero en durecido.<\/p>\n","protected":false},"excerpt":{"rendered":"<p>La llave se puede extraer solamente cuando el candado est\u00e1 cerrado .Ranura de llave cubierta para evitar el \u00f3xido. Cuerpo en lat\u00f3n fundido pulido y lacado, recubierto en PVC.<\/p>\n","protected":false},"featured_media":9494,"comment_status":"closed","ping_status":"open","template":"","meta":[],"product_cat":[1223,1107],"product_tag":[],"class_list":["post-15166","product","type-product","status-publish","has-post-thumbnail","hentry","product_cat-candado-para-intemperie","product_cat-ferreteria","pa_referencia-70mm-y-2047"],"_links":{"self":[{"href":"https:\/\/expoaluminiosas.com\/expoa\/wp-json\/wp\/v2\/product\/15166","targetHints":{"allow":["GET"]}}],"collection":[{"href":"https:\/\/expoaluminiosas.com\/expoa\/wp-json\/wp\/v2\/product"}],"about":[{"href":"https:\/\/expoaluminiosas.com\/expoa\/wp-json\/wp\/v2\/types\/product"}],"replies":[{"embeddable":true,"href":"https:\/\/expoaluminiosas.com\/expoa\/wp-json\/wp\/v2\/comments?post=15166"}],"version-history":[{"count":1,"href":"https:\/\/expoaluminiosas.com\/expoa\/wp-json\/wp\/v2\/product\/15166\/revisions"}],"predecessor-version":[{"id":15167,"href":"https:\/\/expoaluminiosas.com\/expoa\/wp-json\/wp\/v2\/product\/15166\/revisions\/15167"}],"wp:featuredmedia":[{"embeddable":true,"href":"https:\/\/expoaluminiosas.com\/expoa\/wp-json\/wp\/v2\/media\/9494"}],"wp:attachment":[{"href":"https:\/\/expoaluminiosas.com\/expoa\/wp-json\/wp\/v2\/media?parent=15166"}],"wp:term":[{"taxonomy":"product_cat","embeddable":true,"href":"https:\/\/expoaluminiosas.com\/expoa\/wp-json\/wp\/v2\/product_cat?post=15166"},{"taxonomy":"product_tag","embeddable":true,"href":"https:\/\/expoaluminiosas.com\/expoa\/wp-json\/wp\/v2\/product_tag?post=15166"}],"curies":[{"name":"wp","href":"https:\/\/api.w.org\/{rel}","templated":true}]}}