


{"id":15642,"date":"2023-12-04T10:20:49","date_gmt":"2023-12-04T15:20:49","guid":{"rendered":"https:\/\/expoaluminiosas.com\/expoa\/producto\/bisagra-acrux-st-00i02\/"},"modified":"2023-12-04T10:21:16","modified_gmt":"2023-12-04T15:21:16","slug":"bisagra-acrux-st-00i02","status":"publish","type":"product","link":"https:\/\/expoaluminiosas.com\/expoa\/producto\/bisagra-acrux-st-00i02\/","title":{"rendered":"BISAGRA ACRUX ST-00I02"},"content":{"rendered":"<p>Bisagra de dos palas para perfiles de puerta con Canal Europeo de marco 14 \/ 18 mm.<\/p>\n","protected":false},"excerpt":{"rendered":"<p>Bisagra con mano: 010D para apertura a derechas, 010I para aperturas a izquierdas. Carga m\u00e1xima: 100 kg con 2 unidades ~ 120 kg con 3 unidades. Regulaciones: ajuste lateral de \u00b1 1.2 mil\u00edmetros y ajuste vertical de \u00b1 3 mil\u00edmetros a trav\u00e9s de la instalaci\u00f3n del kit con referencia STC-MC-0011. Arandelas antifricci\u00f3n fabricadas en resina acet\u00e1lica (POM) para garantizar un comportamiento \u00f3ptimo en t\u00e9rminos de desgaste.<\/p>\n","protected":false},"featured_media":13554,"comment_status":"closed","ping_status":"open","template":"","meta":[],"product_cat":[1232,1233],"product_tag":[],"class_list":["post-15642","product","type-product","status-publish","has-post-thumbnail","hentry","product_cat-linea-europea","product_cat-stac","pa_referencia-st-00i02-negro","pa_referencia-st-00i02-negro-st-010d02-negro-st-010d91-silver-st-10i91-silver","pa_referencia-st-010d02-negro","pa_referencia-st-010d91-silver","pa_referencia-st-10i91-silver"],"_links":{"self":[{"href":"https:\/\/expoaluminiosas.com\/expoa\/wp-json\/wp\/v2\/product\/15642","targetHints":{"allow":["GET"]}}],"collection":[{"href":"https:\/\/expoaluminiosas.com\/expoa\/wp-json\/wp\/v2\/product"}],"about":[{"href":"https:\/\/expoaluminiosas.com\/expoa\/wp-json\/wp\/v2\/types\/product"}],"replies":[{"embeddable":true,"href":"https:\/\/expoaluminiosas.com\/expoa\/wp-json\/wp\/v2\/comments?post=15642"}],"version-history":[{"count":1,"href":"https:\/\/expoaluminiosas.com\/expoa\/wp-json\/wp\/v2\/product\/15642\/revisions"}],"predecessor-version":[{"id":15643,"href":"https:\/\/expoaluminiosas.com\/expoa\/wp-json\/wp\/v2\/product\/15642\/revisions\/15643"}],"wp:featuredmedia":[{"embeddable":true,"href":"https:\/\/expoaluminiosas.com\/expoa\/wp-json\/wp\/v2\/media\/13554"}],"wp:attachment":[{"href":"https:\/\/expoaluminiosas.com\/expoa\/wp-json\/wp\/v2\/media?parent=15642"}],"wp:term":[{"taxonomy":"product_cat","embeddable":true,"href":"https:\/\/expoaluminiosas.com\/expoa\/wp-json\/wp\/v2\/product_cat?post=15642"},{"taxonomy":"product_tag","embeddable":true,"href":"https:\/\/expoaluminiosas.com\/expoa\/wp-json\/wp\/v2\/product_tag?post=15642"}],"curies":[{"name":"wp","href":"https:\/\/api.w.org\/{rel}","templated":true}]}}