


{"id":15657,"date":"2023-12-04T10:21:11","date_gmt":"2023-12-04T15:21:11","guid":{"rendered":"https:\/\/expoaluminiosas.com\/expoa\/producto\/compas-limitador-rs-corto-st-130120\/"},"modified":"2023-12-04T10:21:13","modified_gmt":"2023-12-04T15:21:13","slug":"compas-limitador-rs-corto-st-130120","status":"publish","type":"product","link":"https:\/\/expoaluminiosas.com\/expoa\/producto\/compas-limitador-rs-corto-st-130120\/","title":{"rendered":"COMPAS LIMITADOR RS CORTO ST-130120"},"content":{"rendered":"<p>Compases que permiten limitar y retener la apertura de las ventanas.<\/p>\n","protected":false},"excerpt":{"rendered":"<p>Los compases son v\u00e1lidos para aperturas de ventanas abatibles, practicables y oscilobatientes. La retenci\u00f3n se realiza en la posici\u00f3n de limitaci\u00f3n de la ventana. Disponen de un sistema de seguridad integrado que permite el acceso al desbloqueo mediante llave TORX PIN. Los compases disponen de un sistema de freno regulable integrado en la deslizadera.<\/p>\n","protected":false},"featured_media":13557,"comment_status":"closed","ping_status":"open","template":"","meta":[],"product_cat":[1232,1233],"product_tag":[],"class_list":["post-15657","product","type-product","status-publish","has-post-thumbnail","hentry","product_cat-linea-europea","product_cat-stac","pa_referencia-st-130120"],"_links":{"self":[{"href":"https:\/\/expoaluminiosas.com\/expoa\/wp-json\/wp\/v2\/product\/15657","targetHints":{"allow":["GET"]}}],"collection":[{"href":"https:\/\/expoaluminiosas.com\/expoa\/wp-json\/wp\/v2\/product"}],"about":[{"href":"https:\/\/expoaluminiosas.com\/expoa\/wp-json\/wp\/v2\/types\/product"}],"replies":[{"embeddable":true,"href":"https:\/\/expoaluminiosas.com\/expoa\/wp-json\/wp\/v2\/comments?post=15657"}],"version-history":[{"count":1,"href":"https:\/\/expoaluminiosas.com\/expoa\/wp-json\/wp\/v2\/product\/15657\/revisions"}],"predecessor-version":[{"id":15658,"href":"https:\/\/expoaluminiosas.com\/expoa\/wp-json\/wp\/v2\/product\/15657\/revisions\/15658"}],"wp:featuredmedia":[{"embeddable":true,"href":"https:\/\/expoaluminiosas.com\/expoa\/wp-json\/wp\/v2\/media\/13557"}],"wp:attachment":[{"href":"https:\/\/expoaluminiosas.com\/expoa\/wp-json\/wp\/v2\/media?parent=15657"}],"wp:term":[{"taxonomy":"product_cat","embeddable":true,"href":"https:\/\/expoaluminiosas.com\/expoa\/wp-json\/wp\/v2\/product_cat?post=15657"},{"taxonomy":"product_tag","embeddable":true,"href":"https:\/\/expoaluminiosas.com\/expoa\/wp-json\/wp\/v2\/product_tag?post=15657"}],"curies":[{"name":"wp","href":"https:\/\/api.w.org\/{rel}","templated":true}]}}