


{"id":15661,"date":"2023-12-04T10:21:11","date_gmt":"2023-12-04T15:21:11","guid":{"rendered":"https:\/\/expoaluminiosas.com\/expoa\/producto\/cremona-sirius-curva-st-a079002\/"},"modified":"2023-12-04T10:21:13","modified_gmt":"2023-12-04T15:21:13","slug":"cremona-sirius-curva-st-a079002","status":"publish","type":"product","link":"https:\/\/expoaluminiosas.com\/expoa\/producto\/cremona-sirius-curva-st-a079002\/","title":{"rendered":"CREMONA SIRIUS CURVA ST-A079002"},"content":{"rendered":"<p>Cremona para ventanas con apertura practicable<\/p>\n","protected":false},"excerpt":{"rendered":"<p>La manilla es v\u00e1lida para ventana abisagrada con apertura a derechas. Compatible con el sistema de fijaci\u00f3n r\u00e1pida FAST. Palas de transmisi\u00f3n y pi\u00f1\u00f3n fabricados en acero que otorga una alta resistencia y durabilidad a ciclos. Mecanismos internos ajustados para eliminar holguras y asegurar un perfecto funcionamiento. Por cada caja de cremonas para apertura a derechas se suministran cinco kits de palas para apertura a izquierdas.<\/p>\n","protected":false},"featured_media":13559,"comment_status":"closed","ping_status":"open","template":"","meta":[],"product_cat":[1232,1233],"product_tag":[],"class_list":["post-15661","product","type-product","status-publish","has-post-thumbnail","hentry","product_cat-linea-europea","product_cat-stac","pa_referencia-st-a079002"],"_links":{"self":[{"href":"https:\/\/expoaluminiosas.com\/expoa\/wp-json\/wp\/v2\/product\/15661","targetHints":{"allow":["GET"]}}],"collection":[{"href":"https:\/\/expoaluminiosas.com\/expoa\/wp-json\/wp\/v2\/product"}],"about":[{"href":"https:\/\/expoaluminiosas.com\/expoa\/wp-json\/wp\/v2\/types\/product"}],"replies":[{"embeddable":true,"href":"https:\/\/expoaluminiosas.com\/expoa\/wp-json\/wp\/v2\/comments?post=15661"}],"version-history":[{"count":1,"href":"https:\/\/expoaluminiosas.com\/expoa\/wp-json\/wp\/v2\/product\/15661\/revisions"}],"predecessor-version":[{"id":15662,"href":"https:\/\/expoaluminiosas.com\/expoa\/wp-json\/wp\/v2\/product\/15661\/revisions\/15662"}],"wp:featuredmedia":[{"embeddable":true,"href":"https:\/\/expoaluminiosas.com\/expoa\/wp-json\/wp\/v2\/media\/13559"}],"wp:attachment":[{"href":"https:\/\/expoaluminiosas.com\/expoa\/wp-json\/wp\/v2\/media?parent=15661"}],"wp:term":[{"taxonomy":"product_cat","embeddable":true,"href":"https:\/\/expoaluminiosas.com\/expoa\/wp-json\/wp\/v2\/product_cat?post=15661"},{"taxonomy":"product_tag","embeddable":true,"href":"https:\/\/expoaluminiosas.com\/expoa\/wp-json\/wp\/v2\/product_tag?post=15661"}],"curies":[{"name":"wp","href":"https:\/\/api.w.org\/{rel}","templated":true}]}}