


{"id":15724,"date":"2023-12-04T10:21:57","date_gmt":"2023-12-04T15:21:57","guid":{"rendered":"https:\/\/expoaluminiosas.com\/expoa\/producto\/cremona-hydra-pala-larga\/"},"modified":"2023-12-04T10:21:59","modified_gmt":"2023-12-04T15:21:59","slug":"cremona-hydra-pala-larga","status":"publish","type":"product","link":"https:\/\/expoaluminiosas.com\/expoa\/producto\/cremona-hydra-pala-larga\/","title":{"rendered":"CREMONA HYDRA PALA LARGA"},"content":{"rendered":"<p>Cremona reversible para ventanas abisagradas con apertura exterior.<\/p>\n","protected":false},"excerpt":{"rendered":"<p>La cremona se suministra con pala de transmisi\u00f3n larga de 49.8 mil\u00edmetros. Sistema de cierre compuesto por la propia cremona, un bul\u00f3n y una pieza que act\u00faa como soporte y transmisi\u00f3n (no se incluyen con la referencia). La base se fija al perfil por medio de tornillos autotaladrantes o de rosca m\u00e9trica. El escudo permite ocultar los tornillos de fijaci\u00f3n.<\/p>\n","protected":false},"featured_media":13573,"comment_status":"closed","ping_status":"open","template":"","meta":[],"product_cat":[1232,1233],"product_tag":[],"class_list":["post-15724","product","type-product","status-publish","has-post-thumbnail","hentry","product_cat-linea-europea","product_cat-stac","pa_referencia-st-a075002-negra"],"_links":{"self":[{"href":"https:\/\/expoaluminiosas.com\/expoa\/wp-json\/wp\/v2\/product\/15724","targetHints":{"allow":["GET"]}}],"collection":[{"href":"https:\/\/expoaluminiosas.com\/expoa\/wp-json\/wp\/v2\/product"}],"about":[{"href":"https:\/\/expoaluminiosas.com\/expoa\/wp-json\/wp\/v2\/types\/product"}],"replies":[{"embeddable":true,"href":"https:\/\/expoaluminiosas.com\/expoa\/wp-json\/wp\/v2\/comments?post=15724"}],"version-history":[{"count":1,"href":"https:\/\/expoaluminiosas.com\/expoa\/wp-json\/wp\/v2\/product\/15724\/revisions"}],"predecessor-version":[{"id":15725,"href":"https:\/\/expoaluminiosas.com\/expoa\/wp-json\/wp\/v2\/product\/15724\/revisions\/15725"}],"wp:featuredmedia":[{"embeddable":true,"href":"https:\/\/expoaluminiosas.com\/expoa\/wp-json\/wp\/v2\/media\/13573"}],"wp:attachment":[{"href":"https:\/\/expoaluminiosas.com\/expoa\/wp-json\/wp\/v2\/media?parent=15724"}],"wp:term":[{"taxonomy":"product_cat","embeddable":true,"href":"https:\/\/expoaluminiosas.com\/expoa\/wp-json\/wp\/v2\/product_cat?post=15724"},{"taxonomy":"product_tag","embeddable":true,"href":"https:\/\/expoaluminiosas.com\/expoa\/wp-json\/wp\/v2\/product_tag?post=15724"}],"curies":[{"name":"wp","href":"https:\/\/api.w.org\/{rel}","templated":true}]}}