


{"id":15758,"date":"2023-12-04T10:22:16","date_gmt":"2023-12-04T15:22:16","guid":{"rendered":"https:\/\/expoaluminiosas.com\/expoa\/producto\/cremona-delta\/"},"modified":"2023-12-04T10:22:20","modified_gmt":"2023-12-04T15:22:20","slug":"cremona-delta","status":"publish","type":"product","link":"https:\/\/expoaluminiosas.com\/expoa\/producto\/cremona-delta\/","title":{"rendered":"CREMONA DELTA"},"content":{"rendered":"<p>Cremona para ventanas con apertura practicable u oscilobatiente.<\/p>\n","protected":false},"excerpt":{"rendered":"<p>Palas de transmisi\u00f3n y pi\u00f1\u00f3n fabricados en acero que otorga una alta resistencia y durabilidad a ciclos. Mecanismos internos ajustados para eliminar holguras y asegurar un perfecto funcionamiento. Compatibilidad con el sistema de fijaci\u00f3n r\u00e1pida FAST. La referencia no incluye funda de transmisi\u00f3n de poliamida (ref. 0511193).<\/p>\n","protected":false},"featured_media":13588,"comment_status":"closed","ping_status":"open","template":"","meta":[],"product_cat":[1232,1233],"product_tag":[],"class_list":["post-15758","product","type-product","status-publish","has-post-thumbnail","hentry","product_cat-linea-europea","product_cat-stac","pa_referencia-st-700702","pa_referencia-st-700702-negro","pa_referencia-st-700791-silver"],"_links":{"self":[{"href":"https:\/\/expoaluminiosas.com\/expoa\/wp-json\/wp\/v2\/product\/15758","targetHints":{"allow":["GET"]}}],"collection":[{"href":"https:\/\/expoaluminiosas.com\/expoa\/wp-json\/wp\/v2\/product"}],"about":[{"href":"https:\/\/expoaluminiosas.com\/expoa\/wp-json\/wp\/v2\/types\/product"}],"replies":[{"embeddable":true,"href":"https:\/\/expoaluminiosas.com\/expoa\/wp-json\/wp\/v2\/comments?post=15758"}],"version-history":[{"count":1,"href":"https:\/\/expoaluminiosas.com\/expoa\/wp-json\/wp\/v2\/product\/15758\/revisions"}],"predecessor-version":[{"id":15759,"href":"https:\/\/expoaluminiosas.com\/expoa\/wp-json\/wp\/v2\/product\/15758\/revisions\/15759"}],"wp:featuredmedia":[{"embeddable":true,"href":"https:\/\/expoaluminiosas.com\/expoa\/wp-json\/wp\/v2\/media\/13588"}],"wp:attachment":[{"href":"https:\/\/expoaluminiosas.com\/expoa\/wp-json\/wp\/v2\/media?parent=15758"}],"wp:term":[{"taxonomy":"product_cat","embeddable":true,"href":"https:\/\/expoaluminiosas.com\/expoa\/wp-json\/wp\/v2\/product_cat?post=15758"},{"taxonomy":"product_tag","embeddable":true,"href":"https:\/\/expoaluminiosas.com\/expoa\/wp-json\/wp\/v2\/product_tag?post=15758"}],"curies":[{"name":"wp","href":"https:\/\/api.w.org\/{rel}","templated":true}]}}